t the prime factors of (-90)/(-60)*412/r.
103
Suppose 4*j = -20, -5*j = -2*r - 1 - 14. What are the prime factors of (15/r)/(3/(-84))?
3, 7
Suppose -13*u + 10*u = 147. Let k = -14 - 8. Let w = k - u. What are the prime factors of w?
3
Let a be (-4)/8*2 - -3. Suppose -5*h = -3*i - i + a, h + i = 5. What are the prime factors of 1000/55 + h/(-11)?
2, 3
Let o be 3/((-1)/5*-1). Let z = 10 - 15. Let x = o + z. List the prime factors of x.
2, 5
Let c be 13/4 + 1/(-4). Let n be (3/27)/(19/5301). Suppose -187 + n = -c*j. List the prime factors of j.
2, 13
Let q(s) = -2*s + 18. Let l be q(8). Let b(d) = -7*d + 5*d**2 - d**3 + 3*d - 3 - l*d**2 - 4*d**2. What are the prime factors of b(-2)?
3
Suppose -7521 = -5*k + w, -1499 = -20*k + 19*k - 5*w. List the prime factors of k.
2, 47
What are the prime factors of 1 + ((-24)/6 - -2337)?
2, 3, 389
Suppose 15784 = 15*o - 7*o. List the prime factors of o.
1973
Suppose 0*j + j = 0. Suppose -40 - 65 = -15*c. Suppose -4*a - c*d + 4*d + 42 = j, 14 = a - d. What are the prime factors of a?
2, 3
Let y be (3 + -2 - 2) + 5. Suppose 4*c - 116 = -2*n, -52 = -6*c + y*c - 4*n. Suppose v - 6 = c. List the prime factors of v.
2, 3
Let j be (-186)/(-8) + 1/(-4). Suppose -j = -3*v + 4. Let u(f) = f**2 - 4*f - 8. List the prime factors of u(v).
37
Let d(w) = -5*w - 12. Let f(l) = l - 1. Let j(u) = -d(u) - 6*f(u). List the prime factors of j(12).
2, 3
Let k = -107 + 169. Let x = 154 - k. List the prime factors of x.
2, 23
Let y be 77/2 - 45/(-30). Let l = 6 + y. What are the prime factors of l?
2, 23
Let o(x) = 4*x**2 + 3*x + 1. What are the prime factors of o(-6)?
127
Let y be (-512)/(-224) - 2/7. What are the prime factors of ((3/(-3))/y)/((-1)/124)?
2, 31
Let q(z) = -z**3 - 11*z**2 - 6*z - 3. Let a be q(-8). Let l = a + 274. Suppose -2*o - g + l = 2*o, 0 = 2*o + 4*g - 60. List the prime factors of o.
2
Suppose -7*i + 8*i = -6. Let y = i - -120. What are the prime factors of y?
2, 3, 19
Let h(w) = 5*w + 3. Let a be (-3)/(1 + (-3 - 1)). List the prime factors of h(a).
2
Let d(t) = t**3 + 20*t**2 - t + 1148. List the prime factors of d(0).
2, 7, 41
Let g(i) = -20*i**3 + 3*i**2 - 2. Suppose -4*t - 2 + 6 = 0. Let a be g(t). Let s = a + 60. List the prime factors of s.
41
List the prime factors of (-9800)/(-105)*6/2.
2, 5, 7
Suppose -78*l + 75*l + 161 = n, -2*n + 2*l = -362. What are the prime factors of n?
2, 11
Let n = 205 + -201. Suppose -3*v + 16 = -v. Suppose 64 + v = n*a. List the prime factors of a.
2, 3
Let a(i) = 351*i**3 + 4*i**2 - 12*i + 5. What are the prime factors of a(2)?
3, 5, 11, 17
Suppose 3*b - 1729 = 494. What are the prime factors of b?
3, 13, 19
Let d(u) = u**2 - 12*u + 9. Let z(a) = -a**3 + 11*a**2 + 9. Let s be z(11). Let g be d(s). List the prime factors of 4 + g*(1 - 2).
2, 11
Suppose 3*f = -w + 4*w - 51, 0 = 2*w - 3*f - 31. Suppose l - 54 = v - 0*l, 5*v + 4*l = -234. List the prime factors of (v/w)/(1/(-2)).
5
Let a be -6*3/(-6)*1. Suppose 2*y = a*y. Suppose k - 3*k + 32 = y. What are the prime factors of k?
2
Let m(a) = 4*a**3 + 69*a**2 - 19*a - 15. What are the prime factors of m(-16)?
3, 523
List the prime factors of (-11)/(132/(-16)) + (-7206)/(-9).
2, 401
Let l = -535 - -952. What are the prime factors of l?
3, 139
Let z be 180 + -1*9/(-3). Let j = -103 + z. Suppose o + 5 = 0, 0*r + j = 4*r - 4*o. List the prime factors of r.
3, 5
Let u be -2 + 5/10*-8. Let z be ((-128)/24)/((-2)/u). Let g = z - -33. List the prime factors of g.
17
Let b(j) = -j**2 - 4*j. Let t be b(-6). Let u be 9/(-6)*16/t. Suppose u*m = m + 23. List the prime factors of m.
23
List the prime factors of (-6)/2*1284/(-9).
2, 107
Let p = 5 - 0. Let n be 2/4 - (-9 - (-117)/18). Suppose -4*r + a = -88, -r - 26 = -n*r + p*a. What are the prime factors of r?
23
Suppose 5*f + 1003 = 4*u, -u - 4*f - 5 = -261. List the prime factors of u.
2, 3, 7
Let v(y) = 5*y - 6. Let f be v(2). Suppose 6 = f*b - 7*b. What are the prime factors of (-24)/b - (2 + -1)?
11
What are the prime factors of -8*49758/(-336) + (-4)/(-14)?
3, 5, 79
Suppose 3*h - 5 = 46. Suppose -a + 5 = -c, a = -4*c - h - 3. Suppose -15 = -5*y - a. What are the prime factors of y?
3
Let d = 44 + -45. Let t(b) = -94*b - 12. List the prime factors of t(d).
2, 41
Suppose -5*h - 1810 = -5*u, 5*u + 5*h + 308 = 2128. List the prime factors of u.
3, 11
Suppose 2*q = 2*z - 14 - 10, -5*q - 40 = 5*z. Let l(f) = -f**3 - 11*f**2 - 10*f + 8. Let t be l(q). Let o(g) = 3*g - 8. What are the prime factors of o(t)?
2
Suppose 662 = 5*a - 108. Suppose -2*k + 107 = 3*h, 4*h + a = 8*h - 3*k. Suppose -2*t - 1 + h = 0. List the prime factors of t.
2, 3
Let n = 49 + -44. What are the prime factors of 183*4/(n + -1)?
3, 61
Let h = 142 + 152. What are the prime factors of h?
2, 3, 7
Suppose 0 = 4*i - 9*i - 15. Let h be i + 6/3 + 4. Suppose 0*o + o + 209 = h*a, -4*a - 2*o = -262. What are the prime factors of a?
2, 17
List the prime factors of (-2)/4 + (-41819)/(-38).
2, 5, 11
Let p(s) = -8*s + 1. Let t(j) = -2*j**2 - 6*j + 2. Let r be t(-3). Let w be p(r). Let o = w + 20. List the prime factors of o.
5
Let n(u) = -170*u - 22. List the prime factors of n(-3).
2, 61
Suppose 19*v - 4726 = 6351. List the prime factors of v.
11, 53
Let z be (168/(-10))/(40/(-4100)). List the prime factors of z/12 + (-1)/2.
11, 13
Let b(y) = y**3 + 10*y**2 - 3*y + 2. Let q be b(-10). Suppose -q + 197 = 3*i. What are the prime factors of i?
5, 11
Suppose -12 = -4*x, -2*p + x = -1 + 6. What are the prime factors of p/(1/26*-2)?
13
Let g(m) be the third derivative of m**4/3 + 2*m**3 - m**2. Let k = -844 + 850. What are the prime factors of g(k)?
2, 3, 5
Let r be 1 + 22 - 0 - 1. Let s = 3 - r. Let k = 35 + s. List the prime factors of k.
2
Let m be (-282)/(-15) - 1/(-5). Let b = 21 - m. List the prime factors of (-323)/(-6) + b/12.
2, 3
Let d(z) = 51*z**2 - 4*z + 3. List the prime factors of d(1).
2, 5
Suppose -j - 3*j + 99 = 3*b, 2*b - 66 = -5*j. Let u = b - 33. Suppose u*s - 285 = -5*s. List the prime factors of s.
3, 19
Let h be 1*5/((-25)/(-35)). Let s = 6 + h. List the prime factors of s.
13
Let t be 3/((-1)/20*6). Let q(f) = f**2 + 6*f - 9. Let i be q(t). Let z = 5 + i. What are the prime factors of z?
2, 3
Suppose 0 = -3*b + 5*o + 28, b = -4*o - 16 - 3. Suppose -a = b - 3. Suppose -l + 0 - 5 = 0, a*l + 1 = -3*h. List the prime factors of h.
3
Let g = 1390 - 499. What are the prime factors of g?
3, 11
Let t(u) be the second derivative of u**5/20 + 11*u**4/12 + 7*u**3/6 + 2*u**2 + 6*u. List the prime factors of t(-4).
2, 11
What are the prime factors of -3 + 1594 - (5 - 12/4)?
7, 227
Suppose 52 = r + 47. Suppose r*l + 3*j = 422, 0 = -5*l + 4*j - 2*j + 427. List the prime factors of l.
5, 17
Let s(i) be the third derivative of -i**4/8 - 2*i**3 - 3*i**2. Suppose 2*b - 13 = -23. What are the prime factors of s(b)?
3
Suppose -3*u - 29 + 8 = 0. Let g(q) = -2*q - 7. Let y be g(u). Suppose -o = -y - 13. What are the prime factors of o?
2, 5
Suppose 38*a - 534 = 35*a. List the prime factors of a.
2, 89
Let r(b) = b**3 - 3*b**2 - 4*b - 2. Let i be r(4). Let u(z) = z**2 + 1. Let a be u(i). Suppose 4*g = -m + g + 29, 27 = m + a*g. What are the prime factors of m?
2
Let g(z) = 10*z**2 + 6*z - 13. List the prime factors of g(5).
3, 89
List the prime factors of (4/(28/7))/(5/7145).
1429
Let t(g) = -g**3 - g - 8. Let m be t(0). What are the prime factors of m/(-28) + 334/7?
2, 3
Let b(t) = 2*t**3 - 7*t**2 + 5*t + 5. Let h be b(4). Let i = h + 57. What are the prime factors of i?
2, 7
Suppose 2*k + 4 = 3*k. Suppose 16 = k*g - 5*g. Let z = -10 - g. List the prime factors of z.
2, 3
Let r(j) = -j**2 - 7*j + 10. Let c be r(-5). Suppose 4*q - 87 = 5*l, -l = -q + 2*l + c. What are the prime factors of q?
23
Let i(w) be the second derivative of -23*w**3/3 - 12*w**2 + 15*w. List the prime factors of i(-5).
2, 103
Suppose -m + 9 = -5*i + 49, 0 = -3*i - 2*m + 11. Suppose -5*c + 3*r + 10 = -3, 0 = 5*c - 4*r - 9. Suppose -c*d = -i*d + 16. What are the prime factors of d?
2
Let f(l) = l**3 + 6*l**2 - 10*l. List the prime factors of f(7).
3, 7
Suppose -4*z = -835 - 1805. List the prime factors of z.
2, 3, 5, 11
Suppose 5*y + 395 = v, 2*v = -4*y - 2*v - 292. Let h be -1*((-297)/(-9) - (-1 - -5)). Let k = h - y. What are the prime factors of k?
7
List the p